{"id":38,"date":"2017-08-05T13:52:44","date_gmt":"2017-08-05T13:52:44","guid":{"rendered":"http:\/\/solivion.com\/?page_id=38"},"modified":"2024-09-27T00:10:27","modified_gmt":"2024-09-26T21:10:27","slug":"solivion-ohjelmistotalo","status":"publish","type":"page","link":"https:\/\/solivion.com\/","title":{"rendered":"Solivion ohjelmistotalo"},"content":{"rendered":"\t\t<div data-elementor-type=\"wp-post\" data-elementor-id=\"38\" class=\"elementor elementor-38\">\n\t\t\t\t\t\t<section class=\"elementor-section elementor-top-section elementor-element elementor-element-5556311 elementor-section-boxed elementor-section-height-default elementor-section-height-default\" data-id=\"5556311\" data-element_type=\"section\">\n\t\t\t\t\t\t<div class=\"elementor-container elementor-column-gap-default\">\n\t\t\t\t\t<div class=\"elementor-column elementor-col-33 elementor-top-column elementor-element elementor-element-b5abbd3\" data-id=\"b5abbd3\" data-element_type=\"column\">\n\t\t\t<div class=\"elementor-widget-wrap elementor-element-populated\">\n\t\t\t\t\t\t<div class=\"elementor-element elementor-element-b45c6cf elementor-widget__width-initial elementor-widget elementor-widget-image\" data-id=\"b45c6cf\" data-element_type=\"widget\" data-widget_type=\"image.default\">\n\t\t\t\t<div class=\"elementor-widget-container\">\n\t\t\t\t\t\t\t\t\t\t\t\t\t<img decoding=\"async\" width=\"300\" height=\"86\" src=\"https:\/\/solivion.com\/wp-content\/uploads\/2024\/09\/Toimio-logo-300x86.png\" class=\"attachment-medium size-medium wp-image-474\" alt=\"\" srcset=\"https:\/\/solivion.com\/wp-content\/uploads\/2024\/09\/Toimio-logo-300x86.png 300w, https:\/\/solivion.com\/wp-content\/uploads\/2024\/09\/Toimio-logo-1024x294.png 1024w, https:\/\/solivion.com\/wp-content\/uploads\/2024\/09\/Toimio-logo-768x220.png 768w, https:\/\/solivion.com\/wp-content\/uploads\/2024\/09\/Toimio-logo-1536x441.png 1536w, https:\/\/solivion.com\/wp-content\/uploads\/2024\/09\/Toimio-logo.png 1864w\" sizes=\"(max-width: 300px) 100vw, 300px\" \/>\t\t\t\t\t\t\t\t\t\t\t\t\t<\/div>\n\t\t\t\t<\/div>\n\t\t\t\t\t<\/div>\n\t\t<\/div>\n\t\t\t\t<div class=\"elementor-column elementor-col-66 elementor-top-column elementor-element elementor-element-77251ba\" data-id=\"77251ba\" data-element_type=\"column\">\n\t\t\t<div class=\"elementor-widget-wrap elementor-element-populated\">\n\t\t\t\t\t\t<div class=\"elementor-element elementor-element-f01a3f3 elementor-widget elementor-widget-heading\" data-id=\"f01a3f3\" data-element_type=\"widget\" data-widget_type=\"heading.default\">\n\t\t\t\t<div class=\"elementor-widget-container\">\n\t\t\t<h2 class=\"elementor-heading-title elementor-size-default\">Enemm\u00e4n kuin vuorokalenteri<\/h2>\t\t<\/div>\n\t\t\t\t<\/div>\n\t\t\t\t\t<\/div>\n\t\t<\/div>\n\t\t\t\t\t<\/div>\n\t\t<\/section>\n\t\t\t\t<section class=\"elementor-section elementor-top-section elementor-element elementor-element-01e49f5 elementor-section-content-middle elementor-section-boxed elementor-section-height-default elementor-section-height-default\" data-id=\"01e49f5\" data-element_type=\"section\">\n\t\t\t\t\t\t<div class=\"elementor-container elementor-column-gap-default\">\n\t\t\t\t\t<div class=\"elementor-column elementor-col-50 elementor-top-column elementor-element elementor-element-01a7027\" data-id=\"01a7027\" data-element_type=\"column\">\n\t\t\t<div class=\"elementor-widget-wrap elementor-element-populated\">\n\t\t\t\t\t\t<div class=\"elementor-element elementor-element-21a6ac3 elementor-widget elementor-widget-text-editor\" data-id=\"21a6ac3\" data-element_type=\"widget\" data-widget_type=\"text-editor.default\">\n\t\t\t\t<div class=\"elementor-widget-container\">\n\t\t\t\t\t\t\t<p style=\"padding-left: 40px;\">Toimio on urheilutilojen hallinnan ohjelmisto tilojen tarjoajille sek\u00e4 tiloja k\u00e4ytt\u00e4ville urheiluseuroille. Monipuolisten ominaisuuksien avulla on helppo hallita tilojen k\u00e4ytt\u00f6\u00e4, ryhmien toimintaa ja henkil\u00f6st\u00f6n allokointia. T\u00e4ysin joustava hinnastomalli yhdistettyn\u00e4 spot-hinnoitteluun antaa ty\u00f6kalut niin tilojen vuokraukseen kuin seurojen sis\u00e4iseen vuoroveloitukseen. Kalenterin\u00e4kym\u00e4n voi muuttaa napin painalluksella ja siirty\u00e4 joustavasti eri n\u00e4k\u00f6kulmien v\u00e4lill\u00e4.<\/p>\t\t\t\t\t\t<\/div>\n\t\t\t\t<\/div>\n\t\t\t\t\t<\/div>\n\t\t<\/div>\n\t\t\t\t<div class=\"elementor-column elementor-col-50 elementor-top-column elementor-element elementor-element-fcc25ed\" data-id=\"fcc25ed\" data-element_type=\"column\">\n\t\t\t<div class=\"elementor-widget-wrap elementor-element-populated\">\n\t\t\t\t\t\t<div class=\"elementor-element elementor-element-978b73d elementor-widget__width-initial elementor-widget elementor-widget-image\" data-id=\"978b73d\" data-element_type=\"widget\" data-widget_type=\"image.default\">\n\t\t\t\t<div class=\"elementor-widget-container\">\n\t\t\t\t\t\t\t\t\t\t\t\t\t<img fetchpriority=\"high\" decoding=\"async\" width=\"768\" height=\"376\" src=\"https:\/\/solivion.com\/wp-content\/uploads\/2024\/09\/Tilakalenteri-768x376.png\" class=\"attachment-medium_large size-medium_large wp-image-437\" alt=\"\" srcset=\"https:\/\/solivion.com\/wp-content\/uploads\/2024\/09\/Tilakalenteri-768x376.png 768w, https:\/\/solivion.com\/wp-content\/uploads\/2024\/09\/Tilakalenteri-300x147.png 300w, https:\/\/solivion.com\/wp-content\/uploads\/2024\/09\/Tilakalenteri-1024x501.png 1024w, https:\/\/solivion.com\/wp-content\/uploads\/2024\/09\/Tilakalenteri-1536x751.png 1536w, https:\/\/solivion.com\/wp-content\/uploads\/2024\/09\/Tilakalenteri-2048x1002.png 2048w\" sizes=\"(max-width: 768px) 100vw, 768px\" \/>\t\t\t\t\t\t\t\t\t\t\t\t\t<\/div>\n\t\t\t\t<\/div>\n\t\t\t\t\t<\/div>\n\t\t<\/div>\n\t\t\t\t\t<\/div>\n\t\t<\/section>\n\t\t\t\t<section class=\"elementor-section elementor-top-section elementor-element elementor-element-882aef8 elementor-section-content-middle elementor-section-boxed elementor-section-height-default elementor-section-height-default\" data-id=\"882aef8\" data-element_type=\"section\">\n\t\t\t\t\t\t<div class=\"elementor-container elementor-column-gap-default\">\n\t\t\t\t\t<div class=\"elementor-column elementor-col-33 elementor-top-column elementor-element elementor-element-d91cafa\" data-id=\"d91cafa\" data-element_type=\"column\">\n\t\t\t<div class=\"elementor-widget-wrap elementor-element-populated\">\n\t\t\t\t\t\t<div class=\"elementor-element elementor-element-57f3a3a elementor-widget__width-initial elementor-widget elementor-widget-image\" data-id=\"57f3a3a\" data-element_type=\"widget\" data-widget_type=\"image.default\">\n\t\t\t\t<div class=\"elementor-widget-container\">\n\t\t\t\t\t\t\t\t\t\t\t\t\t<img decoding=\"async\" width=\"300\" height=\"124\" src=\"https:\/\/solivion.com\/wp-content\/uploads\/2024\/09\/Toistokerrat-300x124.png\" class=\"attachment-medium size-medium wp-image-481\" alt=\"\" srcset=\"https:\/\/solivion.com\/wp-content\/uploads\/2024\/09\/Toistokerrat-300x124.png 300w, https:\/\/solivion.com\/wp-content\/uploads\/2024\/09\/Toistokerrat.png 403w\" sizes=\"(max-width: 300px) 100vw, 300px\" \/>\t\t\t\t\t\t\t\t\t\t\t\t\t<\/div>\n\t\t\t\t<\/div>\n\t\t\t\t\t<\/div>\n\t\t<\/div>\n\t\t\t\t<div class=\"elementor-column elementor-col-66 elementor-top-column elementor-element elementor-element-63f67e9\" data-id=\"63f67e9\" data-element_type=\"column\">\n\t\t\t<div class=\"elementor-widget-wrap elementor-element-populated\">\n\t\t\t\t\t\t<div class=\"elementor-element elementor-element-210ccf8 elementor-widget elementor-widget-text-editor\" data-id=\"210ccf8\" data-element_type=\"widget\" data-widget_type=\"text-editor.default\">\n\t\t\t\t<div class=\"elementor-widget-container\">\n\t\t\t\t\t\t\t<p>Kalenterimerkint\u00e4 voi olla vain kertatapahtuma, mutta usein tapahtumat ovat toistuvia. Toistojakson lis\u00e4ksi toistokerrat voidaan m\u00e4\u00e4ritt\u00e4\u00e4 my\u00f6s kausien ja joustavien toistoasetusten avulla. Tapahtuman yksitt\u00e4inen toistokerta voi tarvittaessa poiketa kellonajoiltaan tai varatun tilaosuuden osalta normaalista kerrasta. Yksitt\u00e4isi\u00e4 toistokertoja voidaan peruuttaa ja uudestaan palauttaa. Toimio my\u00f6skin varmistaa, ettei tiloihin tule p\u00e4\u00e4llekk\u00e4isi\u00e4 varauksia, havainnollistaa p\u00e4\u00e4llekk\u00e4isyyden uhatessa t\u00f6rm\u00e4ystilanteen visuaalisesti kalenterissa ja tilakartalla sek\u00e4 auttaa ratkomaan tilanteen halutulla tavalla.<\/p>\t\t\t\t\t\t<\/div>\n\t\t\t\t<\/div>\n\t\t\t\t\t<\/div>\n\t\t<\/div>\n\t\t\t\t\t<\/div>\n\t\t<\/section>\n\t\t\t\t<section class=\"elementor-section elementor-top-section elementor-element elementor-element-593c10f elementor-section-content-middle elementor-section-boxed elementor-section-height-default elementor-section-height-default\" data-id=\"593c10f\" data-element_type=\"section\">\n\t\t\t\t\t\t<div class=\"elementor-container elementor-column-gap-wide\">\n\t\t\t\t\t<div class=\"elementor-column elementor-col-66 elementor-top-column elementor-element elementor-element-946fc4b\" data-id=\"946fc4b\" data-element_type=\"column\">\n\t\t\t<div class=\"elementor-widget-wrap elementor-element-populated\">\n\t\t\t\t\t\t<div class=\"elementor-element elementor-element-12f0454 elementor-widget elementor-widget-text-editor\" data-id=\"12f0454\" data-element_type=\"widget\" data-widget_type=\"text-editor.default\">\n\t\t\t\t<div class=\"elementor-widget-container\">\n\t\t\t\t\t\t\t<p style=\"padding-left: 40px;\">Toimiossa on valmiina k\u00e4ytett\u00e4viss\u00e4 l\u00e4hes kaikki Suomen urheiluk\u00e4yt\u00f6ss\u00e4 olevat tilat, sill\u00e4 tilatiedot on noudettu valtakunnallisesta liikuntapaikkarekisterist\u00e4, LIPAS-tietokannasta. T\u00e4m\u00e4n lis\u00e4ksi uusien ja oheistilojen luominen on helppoa. Joustavan tilanjakokonseptin ansiosta tiloja ei tarvitse jakaa kiinte\u00e4sti m\u00e4\u00e4riteltyihin tilalohkoihin, vaan lohkojako voidaan m\u00e4\u00e4ritell\u00e4 joustavasti tarpeen mukaan. Toimion \u00e4lyk\u00e4s tilahallinta huolehtii siit\u00e4, ett\u00e4 eri aikoihin alkavat ja eri lohkojaoilla tehdyt varaukset asettuvat tilaan ilman p\u00e4\u00e4llekk\u00e4isyyksi\u00e4. Kalenterin\u00e4kym\u00e4ss\u00e4 kunkin varauksen tilaosuuden voi n\u00e4hd\u00e4 sek\u00e4 yhteenvetotiedoissa ett\u00e4 visuaalisesti kalenteripalkin koosta.<\/p>\t\t\t\t\t\t<\/div>\n\t\t\t\t<\/div>\n\t\t\t\t\t<\/div>\n\t\t<\/div>\n\t\t\t\t<div class=\"elementor-column elementor-col-33 elementor-top-column elementor-element elementor-element-b44537b\" data-id=\"b44537b\" data-element_type=\"column\">\n\t\t\t<div class=\"elementor-widget-wrap elementor-element-populated\">\n\t\t\t\t\t\t<div class=\"elementor-element elementor-element-71d9b8b elementor-widget__width-initial elementor-widget elementor-widget-image\" data-id=\"71d9b8b\" data-element_type=\"widget\" data-widget_type=\"image.default\">\n\t\t\t\t<div class=\"elementor-widget-container\">\n\t\t\t\t\t\t\t\t\t\t\t\t\t<img decoding=\"async\" src=\"https:\/\/solivion.com\/wp-content\/uploads\/2024\/09\/Tilakartta.png\" title=\"Tilakartta\" alt=\"Tilakartta\" loading=\"lazy\" \/>\t\t\t\t\t\t\t\t\t\t\t\t\t<\/div>\n\t\t\t\t<\/div>\n\t\t\t\t\t<\/div>\n\t\t<\/div>\n\t\t\t\t\t<\/div>\n\t\t<\/section>\n\t\t\t\t<section class=\"elementor-section elementor-top-section elementor-element elementor-element-0bd0795 elementor-section-boxed elementor-section-height-default elementor-section-height-default\" data-id=\"0bd0795\" data-element_type=\"section\">\n\t\t\t\t\t\t<div class=\"elementor-container elementor-column-gap-default\">\n\t\t\t\t\t<div class=\"elementor-column elementor-col-66 elementor-top-column elementor-element elementor-element-f9c86c5\" data-id=\"f9c86c5\" data-element_type=\"column\">\n\t\t\t<div class=\"elementor-widget-wrap\">\n\t\t\t\t\t\t\t<\/div>\n\t\t<\/div>\n\t\t\t\t<div class=\"elementor-column elementor-col-33 elementor-top-column elementor-element elementor-element-faf1380\" data-id=\"faf1380\" data-element_type=\"column\">\n\t\t\t<div class=\"elementor-widget-wrap elementor-element-populated\">\n\t\t\t\t\t\t<div class=\"elementor-element elementor-element-cd30d47 elementor-widget elementor-widget-text-editor\" data-id=\"cd30d47\" data-element_type=\"widget\" data-widget_type=\"text-editor.default\">\n\t\t\t\t<div class=\"elementor-widget-container\">\n\t\t\t\t\t\t\t<p>\u00a0<\/p><p style=\"text-align: right;\"><em><strong>Tiedustelut ja demot<\/strong><\/em><\/p><p style=\"text-align: right;\">Petteri Kleemola<br \/>puh: 050 &#8211; 61061<br \/>petteri.kleemola(at)solivion.com<\/p>\t\t\t\t\t\t<\/div>\n\t\t\t\t<\/div>\n\t\t\t\t\t<\/div>\n\t\t<\/div>\n\t\t\t\t\t<\/div>\n\t\t<\/section>\n\t\t\t\t<\/div>\n\t\t","protected":false},"excerpt":{"rendered":"<p>Enemm\u00e4n kuin vuorokalenteri Toimio on urheilutilojen hallinnan ohjelmisto tilojen tarjoajille sek\u00e4 tiloja k\u00e4ytt\u00e4ville urheiluseuroille. Monipuolisten ominaisuuksien avulla on helppo hallita tilojen k\u00e4ytt\u00f6\u00e4, ryhmien toimintaa ja&hellip;<\/p>\n","protected":false},"author":1,"featured_media":0,"parent":0,"menu_order":0,"comment_status":"closed","ping_status":"closed","template":"elementor_theme","meta":{"_mc_calendar":[],"footnotes":""},"class_list":["post-38","page","type-page","status-publish","hentry"],"aioseo_notices":[],"_links":{"self":[{"href":"https:\/\/solivion.com\/index.php\/wp-json\/wp\/v2\/pages\/38"}],"collection":[{"href":"https:\/\/solivion.com\/index.php\/wp-json\/wp\/v2\/pages"}],"about":[{"href":"https:\/\/solivion.com\/index.php\/wp-json\/wp\/v2\/types\/page"}],"author":[{"embeddable":true,"href":"https:\/\/solivion.com\/index.php\/wp-json\/wp\/v2\/users\/1"}],"replies":[{"embeddable":true,"href":"https:\/\/solivion.com\/index.php\/wp-json\/wp\/v2\/comments?post=38"}],"version-history":[{"count":111,"href":"https:\/\/solivion.com\/index.php\/wp-json\/wp\/v2\/pages\/38\/revisions"}],"predecessor-version":[{"id":533,"href":"https:\/\/solivion.com\/index.php\/wp-json\/wp\/v2\/pages\/38\/revisions\/533"}],"wp:attachment":[{"href":"https:\/\/solivion.com\/index.php\/wp-json\/wp\/v2\/media?parent=38"}],"curies":[{"name":"wp","href":"https:\/\/api.w.org\/{rel}","templated":true}]}}